{"id":2941,"date":"2025-06-20T15:05:33","date_gmt":"2025-06-20T13:05:33","guid":{"rendered":"https:\/\/www.moszczanica.pl\/?page_id=2941"},"modified":"2025-06-30T16:30:59","modified_gmt":"2025-06-30T14:30:59","slug":"kucharz","status":"publish","type":"page","link":"https:\/\/www.moszczanica.pl\/index.php\/kucharz\/","title":{"rendered":"Kucharz"},"content":{"rendered":"\t\t<div data-elementor-type=\"wp-page\" data-elementor-id=\"2941\" class=\"elementor elementor-2941\" data-elementor-post-type=\"page\">\n\t\t\t\t<div class=\"elementor-element elementor-element-10a7d50 e-flex e-con-boxed e-con e-parent\" data-id=\"10a7d50\" data-element_type=\"container\">\n\t\t\t\t\t<div class=\"e-con-inner\">\n\t\t\t\t<div class=\"elementor-element elementor-element-c2f4565 elementor-widget elementor-widget-heading\" data-id=\"c2f4565\" data-element_type=\"widget\" data-widget_type=\"heading.default\">\n\t\t\t\t<div class=\"elementor-widget-container\">\n\t\t\t\t\t<h2 class=\"elementor-heading-title elementor-size-default\">Kucharz<\/h2>\t\t\t\t<\/div>\n\t\t\t\t<\/div>\n\t\t\t\t\t<\/div>\n\t\t\t\t<\/div>\n\t\t<div class=\"elementor-element elementor-element-56146ad e-flex e-con-boxed e-con e-parent\" data-id=\"56146ad\" data-element_type=\"container\">\n\t\t\t\t\t<div class=\"e-con-inner\">\n\t\t\t\t<div class=\"elementor-element elementor-element-153faad elementor-widget__width-initial elementor-widget elementor-widget-text-editor\" data-id=\"153faad\" data-element_type=\"widget\" data-widget_type=\"text-editor.default\">\n\t\t\t\t<div class=\"elementor-widget-container\">\n\t\t\t\t\t\t\t\t\t<p>Bran\u017cowa Szko\u0142a \u2013 Kucharz jest kierunkiem dla os\u00f3b chc\u0105cych zdoby\u0107 wiedz\u0119 teoretyczn\u0105 i praktyczn\u0105 z gotowania a tak\u017ce przygotowa\u0107 si\u0119 do pracy w zak\u0142adach gastronomicznych. Zaj\u0119cia praktyczne uczniowie odbywaj\u0105 w nowoczesnej pracowni gastronomicznej jak r\u00f3wnie\u017c sto\u0142\u00f3wce szkolnej. Szko\u0142a jest o\u015brodkiem egzaminacyjnym w tym zawodzie. W Bran\u017cowej Szkole I stopnia &#8211; kucharz nauczysz si\u0119 smacznie i zdrowo przyrz\u0105dza\u0107 potrawy w nowocze\u015bnie wyposa\u017conej pracowni.<br \/><br \/>Nauka trwa 3 lata i obejmuje kszta\u0142cenie og\u00f3lne oraz kszta\u0142cenia zawodowe. <br \/>Kwalifikacja: HGT.02. Przygotowanie i wydawanie da\u0144 <br \/><br \/>Absolwent kszta\u0142cenia w zawodzie kucharz powinien by\u0107 przygotowany do wykonywania nast\u0119puj\u0105cych zada\u0144 zawodowych: <br \/>\u00a01) przechowywania \u017cywno\u015bci; <br \/>2) sporz\u0105dzania potraw i napoj\u00f3w; <br \/>3) wykonywania czynno\u015bci zwi\u0105zanych z ekspedycj\u0105 potraw i napoj\u00f3w.<\/p>\t\t\t\t\t\t\t\t<\/div>\n\t\t\t\t<\/div>\n\t\t\t\t\t<\/div>\n\t\t\t\t<\/div>\n\t\t<div class=\"elementor-element elementor-element-34363c1 e-flex e-con-boxed e-con e-parent\" data-id=\"34363c1\" data-element_type=\"container\">\n\t\t\t\t\t<div class=\"e-con-inner\">\n\t\t\t\t<div class=\"elementor-element elementor-element-7cfb832 elementor-widget elementor-widget-heading\" data-id=\"7cfb832\" data-element_type=\"widget\" data-widget_type=\"heading.default\">\n\t\t\t\t<div class=\"elementor-widget-container\">\n\t\t\t\t\t<h2 class=\"elementor-heading-title elementor-size-default\">Mo\u017cliwo\u015bci zatrudnienia<\/h2>\t\t\t\t<\/div>\n\t\t\t\t<\/div>\n\t\t\t\t<div class=\"elementor-element elementor-element-c9b7625 elementor-widget__width-initial elementor-widget elementor-widget-text-editor\" data-id=\"c9b7625\" data-element_type=\"widget\" data-widget_type=\"text-editor.default\">\n\t\t\t\t<div class=\"elementor-widget-container\">\n\t\t\t\t\t\t\t\t\t<li>restauracje,\n<li>zak\u0142ady gastronomiczne,\n<li>bary szybkiej obs\u0142ugi,\n<li>pensjonaty, domy wczasowe,\n<li>restauracje na statkach i promach,\n szpitale, sanatoria, szko\u0142y, internaty, sto\u0142\u00f3wki prowadzone przez zak\u0142ady pracy,\n<li>w\u0142asna dzia\u0142alno\u015b\u0107 gospodarcza.\t\t\t\t\t\t\t\t<\/div>\n\t\t\t\t<\/div>\n\t\t\t\t\t<\/div>\n\t\t\t\t<\/div>\n\t\t<div class=\"elementor-element elementor-element-3bf69f2 e-flex e-con-boxed e-con e-parent\" data-id=\"3bf69f2\" data-element_type=\"container\">\n\t\t\t\t\t<div class=\"e-con-inner\">\n\t\t<div class=\"elementor-element elementor-element-cc2923a e-con-full e-flex e-con e-child\" data-id=\"cc2923a\" data-element_type=\"container\">\n\t\t\t\t<div class=\"elementor-element elementor-element-eabbc8a elementor-widget__width-initial elementor-widget elementor-widget-image\" data-id=\"eabbc8a\" data-element_type=\"widget\" data-widget_type=\"image.default\">\n\t\t\t\t<div class=\"elementor-widget-container\">\n\t\t\t\t\t\t\t\t\t\t\t\t\t\t\t<img decoding=\"async\" width=\"100\" height=\"100\" src=\"https:\/\/www.moszczanica.pl\/wp-content\/uploads\/2025\/06\/2-2-1.png\" class=\"attachment-large size-large wp-image-2946\" alt=\"bran\u017cowe oddzia\u0142y wojskowe\" \/>\t\t\t\t\t\t\t\t\t\t\t\t\t\t\t<\/div>\n\t\t\t\t<\/div>\n\t\t\t\t<\/div>\n\t\t<div class=\"elementor-element elementor-element-c0ec566 e-con-full e-flex e-con e-child\" data-id=\"c0ec566\" data-element_type=\"container\">\n\t\t\t\t<div class=\"elementor-element elementor-element-bbb9c9a elementor-widget__width-initial elementor-widget elementor-widget-text-editor\" data-id=\"bbb9c9a\" data-element_type=\"widget\" data-widget_type=\"text-editor.default\">\n\t\t\t\t<div class=\"elementor-widget-container\">\n\t\t\t\t\t\t\t\t\t<p>DODATKOWE KWLAIFIKACJE W RAMACH BRAN\u017bOWYCH ODDZIA\u0141\u00d3W WOJSKOWYCH DLA NASZYCH UCZNI\u00d3W! <br \/>Minister Obrony Narodowej podj\u0105\u0142 decyzj\u0119 o uruchomieniu pilota\u017cowego projektu Bran\u017cowe <br \/>Oddzia\u0142y Wojskowe (BOW). Szef MON w\u0142\u0105czy\u0142 \u201ebran\u017c\u00f3wki\u201d do projekt\u00f3w edukacyjnych resortu. To <br \/>ju\u017c 4 projekt MON skierowany do szk\u00f3\u0142 ponadpodstawowych. BOW do\u0142\u0105czy do realizowanych ju\u017c od wielu lat Oddzia\u0142\u00f3w Przygotowania Wojskowego, Certyfikowanych Wojskowych Klas Mundurowych i \u201eCyber.Mil z klas\u0105\u201d. <br \/>Realizacja programu szkolenia w BOW stanowi uzupe\u0142nienie praktycznej nauki zawodu, <br \/>wynikaj\u0105cej z podstawy programowej dla danego kierunku kszta\u0142cenia zawodowego. Ju\u017c dzi\u015b <br \/>kucharze czy mechanicy po szko\u0142ach bran\u017cowych maj\u0105 ogromne szanse na podj\u0119cie s\u0142u\u017cby wojskowej w Si\u0142ach Zbrojnych RP.<\/p>\t\t\t\t\t\t\t\t<\/div>\n\t\t\t\t<\/div>\n\t\t\t\t<\/div>\n\t\t\t\t\t<\/div>\n\t\t\t\t<\/div>\n\t\t<div class=\"elementor-element elementor-element-31bc335 e-flex e-con-boxed e-con e-parent\" data-id=\"31bc335\" data-element_type=\"container\">\n\t\t\t\t\t<div class=\"e-con-inner\">\n\t\t\t\t<div class=\"elementor-element elementor-element-0861887 elementor-widget elementor-widget-heading\" data-id=\"0861887\" data-element_type=\"widget\" data-widget_type=\"heading.default\">\n\t\t\t\t<div class=\"elementor-widget-container\">\n\t\t\t\t\t<h2 class=\"elementor-heading-title elementor-size-default\">Galeria<\/h2>\t\t\t\t<\/div>\n\t\t\t\t<\/div>\n\t\t\t\t<div class=\"elementor-element elementor-element-a1c2335 elementor-widget elementor-widget-gallery\" data-id=\"a1c2335\" data-element_type=\"widget\" data-settings=\"{&quot;columns&quot;:3,&quot;lazyload&quot;:&quot;yes&quot;,&quot;gallery_layout&quot;:&quot;grid&quot;,&quot;columns_tablet&quot;:2,&quot;columns_mobile&quot;:1,&quot;gap&quot;:{&quot;unit&quot;:&quot;px&quot;,&quot;size&quot;:10,&quot;sizes&quot;:[]},&quot;gap_widescreen&quot;:{&quot;unit&quot;:&quot;px&quot;,&quot;size&quot;:&quot;&quot;,&quot;sizes&quot;:[]},&quot;gap_laptop&quot;:{&quot;unit&quot;:&quot;px&quot;,&quot;size&quot;:10,&quot;sizes&quot;:[]},&quot;gap_tablet_extra&quot;:{&quot;unit&quot;:&quot;px&quot;,&quot;size&quot;:10,&quot;sizes&quot;:[]},&quot;gap_tablet&quot;:{&quot;unit&quot;:&quot;px&quot;,&quot;size&quot;:10,&quot;sizes&quot;:[]},&quot;gap_mobile_extra&quot;:{&quot;unit&quot;:&quot;px&quot;,&quot;size&quot;:10,&quot;sizes&quot;:[]},&quot;gap_mobile&quot;:{&quot;unit&quot;:&quot;px&quot;,&quot;size&quot;:10,&quot;sizes&quot;:[]},&quot;link_to&quot;:&quot;file&quot;,&quot;aspect_ratio&quot;:&quot;3:2&quot;,&quot;overlay_background&quot;:&quot;yes&quot;,&quot;content_hover_animation&quot;:&quot;fade-in&quot;}\" data-widget_type=\"gallery.default\">\n\t\t\t\t<div class=\"elementor-widget-container\">\n\t\t\t\t\t\t\t<div class=\"elementor-gallery__container\">\n\t\t\t\t\t\t\t<a class=\"e-gallery-item elementor-gallery-item elementor-animated-content\" href=\"https:\/\/www.moszczanica.pl\/wp-content\/uploads\/2025\/06\/61a6de9633a90f8ac4267969e7a899bea69b4e8e-scaled.jpg\" data-elementor-open-lightbox=\"yes\" data-elementor-lightbox-slideshow=\"a1c2335\" data-elementor-lightbox-title=\"61a6de9633a90f8ac4267969e7a899bea69b4e8e\" data-e-action-hash=\"#elementor-action%3Aaction%3Dlightbox%26settings%3DeyJpZCI6MTkyMiwidXJsIjoiaHR0cHM6XC9cL3d3dy5tb3N6Y3phbmljYS5wbFwvd3AtY29udGVudFwvdXBsb2Fkc1wvMjAyNVwvMDZcLzYxYTZkZTk2MzNhOTBmOGFjNDI2Nzk2OWU3YTg5OWJlYTY5YjRlOGUtc2NhbGVkLmpwZyIsInNsaWRlc2hvdyI6ImExYzIzMzUifQ%3D%3D\">\n\t\t\t\t\t<div class=\"e-gallery-image elementor-gallery-item__image\" data-thumbnail=\"https:\/\/www.moszczanica.pl\/wp-content\/uploads\/2025\/06\/61a6de9633a90f8ac4267969e7a899bea69b4e8e-scaled.jpg\" data-width=\"2560\" data-height=\"1706\" aria-label=\"TECHNIK \u017bYWIENIA I US\u0141UG GASTRONOMICZNYCH\" role=\"img\" ><\/div>\n\t\t\t\t\t\t\t\t\t\t\t<div class=\"elementor-gallery-item__overlay\"><\/div>\n\t\t\t\t\t\t\t\t\t\t\t\t\t\t<\/a>\n\t\t\t\t\t\t\t<a class=\"e-gallery-item elementor-gallery-item elementor-animated-content\" href=\"https:\/\/www.moszczanica.pl\/wp-content\/uploads\/2025\/06\/6d55ef3f57f3d9489bf79e2d7bbacae073234d87-scaled.jpg\" data-elementor-open-lightbox=\"yes\" data-elementor-lightbox-slideshow=\"a1c2335\" data-elementor-lightbox-title=\"6d55ef3f57f3d9489bf79e2d7bbacae073234d87\" data-e-action-hash=\"#elementor-action%3Aaction%3Dlightbox%26settings%3DeyJpZCI6MTkxNSwidXJsIjoiaHR0cHM6XC9cL3d3dy5tb3N6Y3phbmljYS5wbFwvd3AtY29udGVudFwvdXBsb2Fkc1wvMjAyNVwvMDZcLzZkNTVlZjNmNTdmM2Q5NDg5YmY3OWUyZDdiYmFjYWUwNzMyMzRkODctc2NhbGVkLmpwZyIsInNsaWRlc2hvdyI6ImExYzIzMzUifQ%3D%3D\">\n\t\t\t\t\t<div class=\"e-gallery-image elementor-gallery-item__image\" data-thumbnail=\"https:\/\/www.moszczanica.pl\/wp-content\/uploads\/2025\/06\/6d55ef3f57f3d9489bf79e2d7bbacae073234d87-scaled.jpg\" data-width=\"2560\" data-height=\"1706\" aria-label=\"TECHNIK \u017bYWIENIA I US\u0141UG GASTRONOMICZNYCH\" role=\"img\" ><\/div>\n\t\t\t\t\t\t\t\t\t\t\t<div class=\"elementor-gallery-item__overlay\"><\/div>\n\t\t\t\t\t\t\t\t\t\t\t\t\t\t<\/a>\n\t\t\t\t\t\t\t<a class=\"e-gallery-item elementor-gallery-item elementor-animated-content\" href=\"https:\/\/www.moszczanica.pl\/wp-content\/uploads\/2025\/06\/081437d032fb80f8938e49bc79902323d27f16db-scaled.jpg\" data-elementor-open-lightbox=\"yes\" data-elementor-lightbox-slideshow=\"a1c2335\" data-elementor-lightbox-title=\"081437d032fb80f8938e49bc79902323d27f16db\" data-e-action-hash=\"#elementor-action%3Aaction%3Dlightbox%26settings%3DeyJpZCI6MTkzMSwidXJsIjoiaHR0cHM6XC9cL3d3dy5tb3N6Y3phbmljYS5wbFwvd3AtY29udGVudFwvdXBsb2Fkc1wvMjAyNVwvMDZcLzA4MTQzN2QwMzJmYjgwZjg5MzhlNDliYzc5OTAyMzIzZDI3ZjE2ZGItc2NhbGVkLmpwZyIsInNsaWRlc2hvdyI6ImExYzIzMzUifQ%3D%3D\">\n\t\t\t\t\t<div class=\"e-gallery-image elementor-gallery-item__image\" data-thumbnail=\"https:\/\/www.moszczanica.pl\/wp-content\/uploads\/2025\/06\/081437d032fb80f8938e49bc79902323d27f16db-scaled.jpg\" data-width=\"1706\" data-height=\"2560\" aria-label=\"TECHNIK \u017bYWIENIA I US\u0141UG GASTRONOMICZNYCH\" role=\"img\" ><\/div>\n\t\t\t\t\t\t\t\t\t\t\t<div class=\"elementor-gallery-item__overlay\"><\/div>\n\t\t\t\t\t\t\t\t\t\t\t\t\t\t<\/a>\n\t\t\t\t\t\t\t<a class=\"e-gallery-item elementor-gallery-item elementor-animated-content\" href=\"https:\/\/www.moszczanica.pl\/wp-content\/uploads\/2025\/06\/d5b9708059e29dc72ac888d0264307b7e947a981-scaled.jpg\" data-elementor-open-lightbox=\"yes\" data-elementor-lightbox-slideshow=\"a1c2335\" data-elementor-lightbox-title=\"d5b9708059e29dc72ac888d0264307b7e947a981\" data-e-action-hash=\"#elementor-action%3Aaction%3Dlightbox%26settings%3DeyJpZCI6MTk0NiwidXJsIjoiaHR0cHM6XC9cL3d3dy5tb3N6Y3phbmljYS5wbFwvd3AtY29udGVudFwvdXBsb2Fkc1wvMjAyNVwvMDZcL2Q1Yjk3MDgwNTllMjlkYzcyYWM4ODhkMDI2NDMwN2I3ZTk0N2E5ODEtc2NhbGVkLmpwZyIsInNsaWRlc2hvdyI6ImExYzIzMzUifQ%3D%3D\">\n\t\t\t\t\t<div class=\"e-gallery-image elementor-gallery-item__image\" data-thumbnail=\"https:\/\/www.moszczanica.pl\/wp-content\/uploads\/2025\/06\/d5b9708059e29dc72ac888d0264307b7e947a981-scaled.jpg\" data-width=\"1706\" data-height=\"2560\" aria-label=\"TECHNIK \u017bYWIENIA I US\u0141UG GASTRONOMICZNYCH\" role=\"img\" ><\/div>\n\t\t\t\t\t\t\t\t\t\t\t<div class=\"elementor-gallery-item__overlay\"><\/div>\n\t\t\t\t\t\t\t\t\t\t\t\t\t\t<\/a>\n\t\t\t\t\t<\/div>\n\t\t\t\t\t<\/div>\n\t\t\t\t<\/div>\n\t\t\t\t\t<\/div>\n\t\t\t\t<\/div>\n\t\t\t\t<\/div>\n\t\t","protected":false},"excerpt":{"rendered":"<p>Kucharz Bran\u017cowa Szko\u0142a \u2013 Kucharz jest kierunkiem dla os\u00f3b chc\u0105cych zdoby\u0107 wiedz\u0119 teoretyczn\u0105 i praktyczn\u0105 z gotowania a tak\u017ce przygotowa\u0107 si\u0119 do pracy w zak\u0142adach gastronomicznych. Zaj\u0119cia praktyczne uczniowie odbywaj\u0105 w nowoczesnej pracowni gastronomicznej jak r\u00f3wnie\u017c sto\u0142\u00f3wce szkolnej. Szko\u0142a jest o\u015brodkiem egzaminacyjnym w tym zawodzie. W Bran\u017cowej Szkole I stopnia &#8211; kucharz nauczysz si\u0119 smacznie [&hellip;]<\/p>\n","protected":false},"author":1,"featured_media":0,"parent":0,"menu_order":0,"comment_status":"closed","ping_status":"closed","template":"","meta":{"footnotes":""},"class_list":["post-2941","page","type-page","status-publish","hentry"],"_links":{"self":[{"href":"https:\/\/www.moszczanica.pl\/index.php\/wp-json\/wp\/v2\/pages\/2941","targetHints":{"allow":["GET"]}}],"collection":[{"href":"https:\/\/www.moszczanica.pl\/index.php\/wp-json\/wp\/v2\/pages"}],"about":[{"href":"https:\/\/www.moszczanica.pl\/index.php\/wp-json\/wp\/v2\/types\/page"}],"author":[{"embeddable":true,"href":"https:\/\/www.moszczanica.pl\/index.php\/wp-json\/wp\/v2\/users\/1"}],"replies":[{"embeddable":true,"href":"https:\/\/www.moszczanica.pl\/index.php\/wp-json\/wp\/v2\/comments?post=2941"}],"version-history":[{"count":22,"href":"https:\/\/www.moszczanica.pl\/index.php\/wp-json\/wp\/v2\/pages\/2941\/revisions"}],"predecessor-version":[{"id":4050,"href":"https:\/\/www.moszczanica.pl\/index.php\/wp-json\/wp\/v2\/pages\/2941\/revisions\/4050"}],"wp:attachment":[{"href":"https:\/\/www.moszczanica.pl\/index.php\/wp-json\/wp\/v2\/media?parent=2941"}],"curies":[{"name":"wp","href":"https:\/\/api.w.org\/{rel}","templated":true}]}}